 - 12 - p = 0. Let y = 28 - 6. What is the greatest common divisor of y and w?
11
Let n = -23 - -31. Let r(g) = -g**2 + 17*g + 6. Let j be r(11). What is the highest common divisor of n and j?
8
Let n(z) = 104*z - 90. Let r be n(19). What is the highest common divisor of r and 46?
46
Let j = 68 + -166. Let t = -10 - j. Calculate the greatest common factor of 66 and t.
22
Suppose -354*q + 361*q - 224 = 0. What is the highest common divisor of q and 48?
16
Suppose 100 = -55*k + 80*k. Suppose 5*g - 67 - 93 = 0. What is the greatest common divisor of g and k?
4
Suppose 0 = 2*i - 15*i + 26. Calculate the highest common factor of i and 37.
1
Suppose b + 170 = 6*b - 5*p, 5*p = -3*b + 70. Suppose 4*u + 10*u = 140. Calculate the greatest common divisor of b and u.
10
Let p(x) = -51*x - 518. Let b be p(-12). What is the highest common factor of 1081 and b?
47
Suppose -s = 4*r - 364, s - r - 348 = 1. What is the highest common divisor of 11 and s?
11
Let b(t) = -t**3 - 25*t**2 - 34*t + 32. Let c be b(-25). What is the greatest common divisor of 98 and c?
98
Let m be (-2)/(-5) + 4344/40. Let u be 12/(-36) + m/3. Let y be 5/((-15)/(-9))*12. Calculate the greatest common factor of u and y.
36
Let c(i) = 22*i - 6*i + 14*i. Let x be c(3). Suppose 3*n = -2*n + 180. What is the greatest common divisor of n and x?
18
Let o(y) = 4*y - 10. Let h(k) = 9*k - 20. Let b(w) = -2*h(w) + 5*o(w). Let m be b(10). What is the greatest common divisor of 110 and m?
10
Let a(f) = 16*f. Let r be a(1). Let g be (-15)/(-2)*r/12. Calculate the greatest common factor of g and 4.
2
Let i = -50 + 17. Let s = 53 + i. Calculate the highest common factor of s and 8.
4
Let a = -142 + 168. Calculate the greatest common factor of 455 and a.
13
Suppose 3*l + 0*z - 5*z = 265, 3*z = l - 91. What is the highest common divisor of l and 5?
5
Let f = 221 + -213. Calculate the highest common factor of 8 and f.
8
Let r = 11 + -6. Suppose -u + 0*u + 12 = k, 0 = -r*k + 4*u + 96. Let d = k - 5. What is the highest common factor of 22 and d?
11
Let h(i) = -i**3 - 7*i**2 - 7*i - 1. Let y be h(-6). Suppose -43 + 8 = -y*x. What is the greatest common factor of 2 and x?
1
Suppose 3744 = -3*z + 15*z. Calculate the highest common factor of 195 and z.
39
Let x be 15*(1 + -2 + 12/9). Suppose 5*w = 25 + x. Calculate the greatest common divisor of 15 and w.
3
Suppose -5*p - 3 - 7 = 0, -5*p + 7 = d. Let s(y) = -y**3 + 11*y**2 + 3*y + 1. Let g be s(11). What is the highest common divisor of d and g?
17
Let c = -240 - -351. Suppose 4*j - 321 = -5*a, 2*j - 5*a = 4*j - 173. What is the greatest common factor of c and j?
37
Let y(u) = u**3 - 31*u**2 - 28*u - 74. Let j be y(32). Calculate the highest common factor of j and 16.
2
Suppose 0 = 5*a - 191 - 49. Let u = 64 - a. Calculate the highest common factor of 40 and u.
8
Suppose q + 5*y = -3*q + 17, 0 = -q + 4*y - 1. Let h be q - -2 - 2/4*-2. What is the greatest common factor of 8 and h?
2
Suppose -q - 5 = -7. Let s be (-2)/(69/(-63) - -1). Let g = s + -20. What is the highest common divisor of q and g?
1
Let c(n) = n**3 - n**2 - 2. Let g be c(2). Suppose -2*o - g*o = -48. Suppose 27*a + 80 - 890 = 0. What is the greatest common divisor of o and a?
6
Let i = 4 - 2. Suppose 0 = m + i*m - 9, -4*m + 180 = t. Suppose 4*r + 9*y - 4*y = 96, 0 = -r + y + 24. What is the highest common factor of t and r?
24
Suppose 5*t - 3*p - 25 = 0, -5*t - 3*p = -0*p + 5. Suppose -103 - 427 = t*r. Let y be (-2)/3 + r/(-15). What is the highest common factor of y and 85?
17
Suppose -4*d + 0 = -20. Suppose -a = z + 2*a, d*z = 2*a + 68. Let w(p) = 41*p - 244. Let b be w(8). What is the highest common factor of z and b?
12
Let o be (-12)/156 - (-27)/13. Let r be ((-3)/((-6)/20))/1. Calculate the highest common divisor of o and r.
2
Suppose -2*r - 142 = 2*i - 1176, 3*r + 1014 = 2*i. What is the greatest common factor of 27 and i?
27
Suppose 32 = 2*d - 3*v + 4*v, 4*d + 5*v - 64 = 0. Suppose 11*r + 8 = 15*r. Let i be (-264)/(-60) + r/(-5). What is the greatest common divisor of d and i?
4
Let r be (-2 + (-10)/(-4))*2. Suppose 2*s - 11 + r = 0. Suppose -215*d + 217*d - 40 = 0. What is the greatest common factor of d and s?
5
Suppose 242 = 3*v - 388. Suppose -4*o = -2*o - v. Let s be 3/(-4) + o/12. What is the highest common factor of s and 72?
8
Suppose -p - 117 = 26*h - 27*h, 2*h + 4*p - 264 = 0. What is the greatest common divisor of h and 8?
2
Let g(k) = 2*k - 4. Let l be g(4). Suppose 4*z = -l*y + 44, -y + 2*y - 20 = -2*z. Suppose w + 5 - z = 0. Calculate the greatest common factor of 16 and w.
4
Suppose 22*r - 836 = 220. Calculate the highest common divisor of r and 1440.
48
Suppose 0 = -14*z + 4*z + 1550. Calculate the greatest common factor of z and 31.
31
Suppose -4*u - 4*c + 152 = 0, 2*u - 2*c - 41 - 31 = 0. Calculate the greatest common divisor of 37 and u.
37
Let o be (2 + 0)*40/4. Let r(d) = -2*d**2 - 17*d. Let b be r(-8). What is the greatest common divisor of b and o?
4
Let x(q) = -33*q + 7. Let u be x(-1). What is the highest common divisor of u and 2?
2
Suppose -s + 4 = 2. Suppose -s*x + 2 = -x. Suppose 4*n - 543 = 5*r, 108 = -x*n - r + 369. What is the highest common factor of n and 12?
12
Let y(i) = 2*i**2 - 5*i - 20. Let u be y(13). Calculate the highest common divisor of 46 and u.
23
Suppose -2*v = 10, -y + 5*v = -2*y - 17. Let l = 5 + 51. What is the highest common factor of l and y?
8
Let o(t) = -t + 22. Let z be o(7). Calculate the highest common factor of z and 30.
15
Suppose 0 = -20*g + 244 + 116. What is the highest common divisor of g and 288?
18
Let i(p) = -1930*p - 70. Let k be i(-1). Calculate the greatest common factor of 6 and k.
6
Suppose -20*y + 2 = -18*y. Let f(c) = -c + 12. Let n be f(6). Calculate the greatest common factor of y and n.
1
Suppose 3*q = -3*u - 48, -2*q - 3*q = -4*u - 82. Let c be (-1 - 43)*9/u. Suppose 2*k + 24 = 134. What is the highest common factor of k and c?
11
Let o(y) = -13 + y + 2*y + 4 + 2. Let a be o(4). What is the greatest common factor of 10 and a?
5
Suppose 5 = -2*g - 2*p + 1, 3*g + 5*p = -12. Let c be (15*(-66)/(-18))/g. Let q = 5 + 6. Calculate the highest common divisor of q and c.
11
Let y = 40 + -28. Let m be 1188/14 + (-12)/14. What is the greatest common factor of m and y?
12
Suppose -3*b + 5 = h, 5*b - 27 = 2*h + h. Suppose 3*j + 47 = 4*x, 3*j - 4*j - 39 = -b*x. Let k = -63 - -119. Calculate the greatest common factor of k and x.
14
Let s be (-3 - -2)*(-4)/1. Let l be 16 + -19 + 38/2. Calculate the highest common factor of l and s.
4
Let q = 8 - -13. Suppose -4*u = -9*u + 270. Suppose -2*i - z + 59 = i, u = 2*i - 3*z. Calculate the greatest common factor of i and q.
21
Let s(q) = -355*q + 85. Let u be s(-2). What is the highest common factor of u and 30?
15
Suppose -u = -3*u - 8, -u - 43 = -3*a. Suppose -r + 43 = a. Let x = r - 20. Calculate the highest common divisor of 40 and x.
10
Let r = 304 - 285. What is the highest common factor of r and 209?
19
Suppose 66 = 5*o - a, a - 1 = 2*a. Let h = -32 - -123. What is the greatest common divisor of h and o?
13
Let u(d) = d**2 + 24. Let f be u(0). Suppose -15 + 87 = 4*i. What is the highest common factor of f and i?
6
Let r(o) = o + 12. Let n(v) = v**2 - 12*v - 9. Let k be n(13). Let x be r(k). What is the highest common factor of x and 72?
8
Suppose -n + 3 = 0, 5*l - 16 = -4*n + 2*n. Suppose -2*y - l*y - 12 = 0, -5*y = -x + 63. Calculate the greatest common divisor of 12 and x.
12
Suppose -o - 29*m + 240 = -25*m, -2*o - 5*m + 486 = 0. Calculate the greatest common divisor of 186 and o.
62
Let d(g) = g - 10. Let i be d(10). Let m be 0/(-5 + i + 2). Suppose m*z = 3*z - 78. What is the highest common divisor of z and 130?
26
Let z(d) = -d**3 + 4*d**2 + 5*d + 8. Let g be 2*3/(-24) - 136/(-32). Let o be z(g). What is the greatest common factor of 56 and o?
28
Let o(h) = 12*h + 21. Let t(l) = 6*l + 10. Let p(n) = 2*o(n) - 5*t(n). Let a be p(-3). Calculate the greatest common factor of 2 and a.
2
Suppose 8*g - 7*g = 17. Suppose 142 = 5*y + g. Calculate the highest common divisor of y and 175.
25
Let z = 705 - -146. What is the highest common factor of 37 and z?
37
Suppose -39*n + 53*n - 6664 = 0. What is the highest common factor of n and 51?
17
Let m(p) = -p**3 - 3*p**2 + 2. Let 